{"id":94,"date":"2024-12-26T22:26:57","date_gmt":"2024-12-26T21:26:57","guid":{"rendered":"https:\/\/projekt3.sztukaprezentacji.com\/?page_id=94"},"modified":"2025-06-13T09:06:00","modified_gmt":"2025-06-13T07:06:00","slug":"kontakt","status":"publish","type":"page","link":"https:\/\/projekt3.sztukaprezentacji.com\/?page_id=94","title":{"rendered":"Kontakt"},"content":{"rendered":"\t\t<div data-elementor-type=\"wp-page\" data-elementor-id=\"94\" class=\"elementor elementor-94\">\n\t\t\t\t<div class=\"elementor-element elementor-element-385fbdc e-flex e-con-boxed e-con e-parent\" data-id=\"385fbdc\" data-element_type=\"container\">\n\t\t\t\t\t<div class=\"e-con-inner\">\n\t\t\t\t<div class=\"elementor-element elementor-element-bde627c elementor-widget elementor-widget-text-editor\" data-id=\"bde627c\" data-element_type=\"widget\" data-widget_type=\"text-editor.default\">\n\t\t\t\t<div class=\"elementor-widget-container\">\n\t\t\t\t\t\t\t\t\t<p>Kontakt<\/p>\t\t\t\t\t\t\t\t<\/div>\n\t\t\t\t<\/div>\n\t\t\t\t<div class=\"elementor-element elementor-element-7376d47 elementor-widget-divider--view-line elementor-widget elementor-widget-divider\" data-id=\"7376d47\" data-element_type=\"widget\" data-widget_type=\"divider.default\">\n\t\t\t\t<div class=\"elementor-widget-container\">\n\t\t\t\t\t\t\t<div class=\"elementor-divider\">\n\t\t\t<span class=\"elementor-divider-separator\">\n\t\t\t\t\t\t<\/span>\n\t\t<\/div>\n\t\t\t\t\t\t<\/div>\n\t\t\t\t<\/div>\n\t\t\t\t\t<\/div>\n\t\t\t\t<\/div>\n\t\t<div class=\"elementor-element elementor-element-56ff58f e-flex e-con-boxed e-con e-parent\" data-id=\"56ff58f\" data-element_type=\"container\">\n\t\t\t\t\t<div class=\"e-con-inner\">\n\t\t\t\t<div class=\"elementor-element elementor-element-d03e067 elementor-widget elementor-widget-text-editor\" data-id=\"d03e067\" data-element_type=\"widget\" data-widget_type=\"text-editor.default\">\n\t\t\t\t<div class=\"elementor-widget-container\">\n\t\t\t\t\t\t\t\t\t<p>Chcesz nas wesprze\u0107?\u00a0<\/p>\t\t\t\t\t\t\t\t<\/div>\n\t\t\t\t<\/div>\n\t\t\t\t<div class=\"elementor-element elementor-element-48487df elementor-widget elementor-widget-text-editor\" data-id=\"48487df\" data-element_type=\"widget\" data-widget_type=\"text-editor.default\">\n\t\t\t\t<div class=\"elementor-widget-container\">\n\t\t\t\t\t\t\t\t\t<p>Przelew z dopiskiem &#8222;Darowizna&#8221; mo\u017cesz zrobi\u0107 na numer 12345678<\/p>\t\t\t\t\t\t\t\t<\/div>\n\t\t\t\t<\/div>\n\t\t\t\t<div class=\"elementor-element elementor-element-3956009 elementor-widget elementor-widget-text-editor\" data-id=\"3956009\" data-element_type=\"widget\" data-widget_type=\"text-editor.default\">\n\t\t\t\t<div class=\"elementor-widget-container\">\n\t\t\t\t\t\t\t\t\t<p>Mo\u017cesz przeznaczy\u0107 1,5% &#8230;..<\/p>\t\t\t\t\t\t\t\t<\/div>\n\t\t\t\t<\/div>\n\t\t\t\t\t<\/div>\n\t\t\t\t<\/div>\n\t\t<div class=\"elementor-element elementor-element-d76ebaf e-flex e-con-boxed e-con e-parent\" data-id=\"d76ebaf\" data-element_type=\"container\">\n\t\t\t\t\t<div class=\"e-con-inner\">\n\t\t<div class=\"elementor-element elementor-element-337bbd4 e-con-full e-flex e-con e-child\" data-id=\"337bbd4\" data-element_type=\"container\">\n\t\t\t\t<div class=\"elementor-element elementor-element-4755634 elementor-widget elementor-widget-text-editor\" data-id=\"4755634\" data-element_type=\"widget\" data-widget_type=\"text-editor.default\">\n\t\t\t\t<div class=\"elementor-widget-container\">\n\t\t\t\t\t\t\t\t\t<p>Fundacja Telos <br \/>ul. Dewo\u0144ska 18 <br \/>26-052 Szewce <br \/>NIP: 9592065439<\/p>\t\t\t\t\t\t\t\t<\/div>\n\t\t\t\t<\/div>\n\t\t\t\t<div class=\"elementor-element elementor-element-6e8f7cb elementor-widget elementor-widget-text-editor\" data-id=\"6e8f7cb\" data-element_type=\"widget\" data-widget_type=\"text-editor.default\">\n\t\t\t\t<div class=\"elementor-widget-container\">\n\t\t\t\t\t\t\t\t\t<p>Masz pytania? Wype\u0142nij poni\u017cszy formularz lub napisz na kontakt@fundacjatelos.pl<\/p>\t\t\t\t\t\t\t\t<\/div>\n\t\t\t\t<\/div>\n\t\t\t\t<\/div>\n\t\t<div class=\"elementor-element elementor-element-e3a26ec e-con-full e-flex e-con e-child\" data-id=\"e3a26ec\" data-element_type=\"container\">\n\t\t\t\t<div class=\"elementor-element elementor-element-f1b1ac0 elementor-widget elementor-widget-image\" data-id=\"f1b1ac0\" data-element_type=\"widget\" data-widget_type=\"image.default\">\n\t\t\t\t<div class=\"elementor-widget-container\">\n\t\t\t\t\t\t\t\t\t\t\t\t\t\t\t<img fetchpriority=\"high\" decoding=\"async\" width=\"300\" height=\"300\" src=\"https:\/\/projekt3.sztukaprezentacji.com\/wp-content\/uploads\/2024\/12\/392751617_166134956558121_3472876328518957809_n-300x300.jpg\" class=\"attachment-medium size-medium wp-image-19\" alt=\"\" srcset=\"https:\/\/projekt3.sztukaprezentacji.com\/wp-content\/uploads\/2024\/12\/392751617_166134956558121_3472876328518957809_n-300x300.jpg 300w, https:\/\/projekt3.sztukaprezentacji.com\/wp-content\/uploads\/2024\/12\/392751617_166134956558121_3472876328518957809_n-150x150.jpg 150w, https:\/\/projekt3.sztukaprezentacji.com\/wp-content\/uploads\/2024\/12\/392751617_166134956558121_3472876328518957809_n.jpg 610w\" sizes=\"(max-width: 300px) 100vw, 300px\" \/>\t\t\t\t\t\t\t\t\t\t\t\t\t\t\t<\/div>\n\t\t\t\t<\/div>\n\t\t\t\t<\/div>\n\t\t\t\t\t<\/div>\n\t\t\t\t<\/div>\n\t\t<div class=\"elementor-element elementor-element-7459305 e-flex e-con-boxed e-con e-parent\" data-id=\"7459305\" data-element_type=\"container\">\n\t\t\t\t\t<div class=\"e-con-inner\">\n\t\t\t\t<div class=\"elementor-element elementor-element-36b08bd elementor-widget elementor-widget-text-editor\" data-id=\"36b08bd\" data-element_type=\"widget\" data-widget_type=\"text-editor.default\">\n\t\t\t\t<div class=\"elementor-widget-container\">\n\t\t\t\t\t\t\t\t\t<p><div class=\"forminator-ui forminator-custom-form forminator-custom-form-203 forminator-design--material  forminator_ajax\" data-forminator-render=\"0\" data-form=\"forminator-module-203\" data-uid=\"69e5fe228347d\"><br\/><\/div><form\n\t\t\t\tid=\"forminator-module-203\"\n\t\t\t\tclass=\"forminator-ui forminator-custom-form forminator-custom-form-203 forminator-design--material  forminator_ajax\"\n\t\t\t\tmethod=\"post\"\n\t\t\t\tdata-forminator-render=\"0\"\n\t\t\t\tdata-form-id=\"203\"\n\t\t\t\t\n\t\t\t\tdata-design=\"material\"\n\t\t\t\t\n\t\t\t\t\n\t\t\t\t\n\t\t\t\tdata-grid=\"open\"\n\t\t\t\t\n\t\t\t\t\n\t\t\t\tstyle=\"display: none;\"\n\t\t\t\t\n\t\t\t\tdata-uid=\"69e5fe228347d\"\n\t\t\t><div role=\"alert\" aria-live=\"polite\" class=\"forminator-response-message forminator-error\" aria-hidden=\"true\"><\/div><div class=\"forminator-row\"><div id=\"email-1\" class=\"forminator-field-email forminator-col forminator-col-12 \"><div class=\"forminator-field\"><label for=\"forminator-field-email-1_69e5fe228347d\" id=\"forminator-field-email-1_69e5fe228347d-label\" class=\"forminator-label\">Adres e-mail<\/label><input type=\"email\" name=\"email-1\" value=\"\" placeholder=\"Na przyk\u0142ad: jan@kowalski.com\" id=\"forminator-field-email-1_69e5fe228347d\" class=\"forminator-input forminator-email--field\" data-required=\"\" aria-required=\"false\" \/><\/div><\/div><\/div><div class=\"forminator-row\"><div id=\"name-1\" class=\"forminator-field-name forminator-col forminator-col-12 \"><div class=\"forminator-field\"><label for=\"forminator-field-name-1_69e5fe228347d\" id=\"forminator-field-name-1_69e5fe228347d-label\" class=\"forminator-label\">Nazwa<\/label><input type=\"text\" name=\"name-1\" value=\"\" placeholder=\"Na przyk\u0142ad: Jan Kowalski\" id=\"forminator-field-name-1_69e5fe228347d\" class=\"forminator-input forminator-name--field\" aria-required=\"false\" \/><\/div><\/div><\/div><div class=\"forminator-row\"><div id=\"textarea-1\" class=\"forminator-field-textarea forminator-col forminator-col-12 \"><div class=\"forminator-field\"><label for=\"forminator-field-textarea-1_69e5fe228347d\" id=\"forminator-field-textarea-1_69e5fe228347d-label\" class=\"forminator-label\">Tekst<\/label><textarea name=\"textarea-1\" placeholder=\"Np. tekst zast\u0119pczy\nMo\u017cesz wstawi\u0107 now\u0105 lini\u0119\" id=\"forminator-field-textarea-1_69e5fe228347d\" class=\"forminator-textarea\" rows=\"6\" style=\"min-height:140px;\" ><\/textarea><\/div><\/div><\/div><input type=\"hidden\" name=\"referer_url\" value=\"\" \/><div class=\"forminator-row forminator-row-last\"><div class=\"forminator-col\"><div class=\"forminator-field\"><button class=\"forminator-button forminator-button-submit\"><span>Wy\u015blij wiadomo\u015b\u0107<\/span><span aria-hidden=\"true\"><\/span><\/button><\/div><\/div><\/div><input type=\"hidden\" id=\"forminator_nonce\" name=\"forminator_nonce\" value=\"0b1b9f3894\" \/><input type=\"hidden\" name=\"_wp_http_referer\" value=\"\/?page_id=94\" \/><input type=\"hidden\" name=\"form_id\" value=\"203\"><input type=\"hidden\" name=\"page_id\" value=\"94\"><input type=\"hidden\" name=\"form_type\" value=\"default\"><input type=\"hidden\" name=\"current_url\" value=\"https:\/\/projekt3.sztukaprezentacji.com\/?page_id=94\"><input type=\"hidden\" name=\"render_id\" value=\"0\"><input type=\"hidden\" name=\"action\" value=\"forminator_submit_form_custom-forms\"><\/form><\/p>\t\t\t\t\t\t\t\t<\/div>\n\t\t\t\t<\/div>\n\t\t\t\t\t<\/div>\n\t\t\t\t<\/div>\n\t\t\t\t<\/div>\n\t\t","protected":false},"excerpt":{"rendered":"<p>Kontakt Chcesz nas wesprze\u0107?\u00a0 Przelew z dopiskiem &#8222;Darowizna&#8221; mo\u017cesz zrobi\u0107 na numer 12345678 Mo\u017cesz przeznaczy\u0107 1,5% &#8230;.. Fundacja Telos ul. Dewo\u0144ska 18 26-052 Szewce NIP: 9592065439 Masz pytania? Wype\u0142nij poni\u017cszy formularz lub napisz na kontakt@fundacjatelos.pl<\/p>\n","protected":false},"author":1,"featured_media":0,"parent":0,"menu_order":0,"comment_status":"closed","ping_status":"closed","template":"","meta":{"_kad_post_transparent":"","_kad_post_title":"hide","_kad_post_layout":"fullwidth","_kad_post_sidebar_id":"","_kad_post_content_style":"unboxed","_kad_post_vertical_padding":"hide","_kad_post_feature":"hide","_kad_post_feature_position":"","_kad_post_header":false,"_kad_post_footer":false,"footnotes":""},"class_list":["post-94","page","type-page","status-publish","hentry"],"_links":{"self":[{"href":"https:\/\/projekt3.sztukaprezentacji.com\/index.php?rest_route=\/wp\/v2\/pages\/94","targetHints":{"allow":["GET"]}}],"collection":[{"href":"https:\/\/projekt3.sztukaprezentacji.com\/index.php?rest_route=\/wp\/v2\/pages"}],"about":[{"href":"https:\/\/projekt3.sztukaprezentacji.com\/index.php?rest_route=\/wp\/v2\/types\/page"}],"author":[{"embeddable":true,"href":"https:\/\/projekt3.sztukaprezentacji.com\/index.php?rest_route=\/wp\/v2\/users\/1"}],"replies":[{"embeddable":true,"href":"https:\/\/projekt3.sztukaprezentacji.com\/index.php?rest_route=%2Fwp%2Fv2%2Fcomments&post=94"}],"version-history":[{"count":25,"href":"https:\/\/projekt3.sztukaprezentacji.com\/index.php?rest_route=\/wp\/v2\/pages\/94\/revisions"}],"predecessor-version":[{"id":313,"href":"https:\/\/projekt3.sztukaprezentacji.com\/index.php?rest_route=\/wp\/v2\/pages\/94\/revisions\/313"}],"wp:attachment":[{"href":"https:\/\/projekt3.sztukaprezentacji.com\/index.php?rest_route=%2Fwp%2Fv2%2Fmedia&parent=94"}],"curies":[{"name":"wp","href":"https:\/\/api.w.org\/{rel}","templated":true}]}}